{"id":9350,"date":"2024-07-31T11:00:54","date_gmt":"2024-07-31T09:00:54","guid":{"rendered":"https:\/\/www.jobcenter-kiel.de\/jobcenter-digital-englisch-arabisch\/"},"modified":"2024-09-13T10:39:39","modified_gmt":"2024-09-13T08:39:39","slug":"jobcenter-digital-2","status":"publish","type":"page","link":"https:\/\/www.jobcenter-kiel.de\/ar\/jobcenter-digital-2\/","title":{"rendered":"Jobcenter.digital"},"content":{"rendered":"<div id=\"cs-content\" class=\"cs-content\"><\/div>\n","protected":false},"excerpt":{"rendered":"<p>jobcenter.digital&nbsp; Ihr Portal f\u00fcr B\u00fcrgergeld, Antr\u00e4ge und Nachrichten &#8211; online, einfach, schnell und sicherNutzen Sie die M\u00f6glichkeiten: Neuantrag auf B\u00fcrgergeldRegistrierung &amp; AnmeldungEinstellungen, Sicherheit &amp; DatenschutzDer Weiterbewilligungsantrag (WBA)Die Ver\u00e4nderungsmitteilung (V\u00c4M)Der Postfachservice und Antrag auf OrtsabwesenheitBewerbungs- und Reisekosten (Vermittlungsbudget)Ihre JobsucheAlle eServices von Jobcenter und Agentur f&uuml;r Arbeit&nbsp;jobcenter.digital &amp; Bund IDdigitale Verwaltungsdienstleistungen in Kiel &amp; Schleswig-HolsteinWeitere digitale Angebote des Jobcenters und der Agentur &#8230; <\/p>\n<div><a href=\"https:\/\/www.jobcenter-kiel.de\/ar\/jobcenter-digital-2\/\" class=\"more-link\">Read More<\/a><\/div>\n","protected":false},"author":1,"featured_media":0,"parent":0,"menu_order":0,"comment_status":"closed","ping_status":"closed","template":"template-blank-4.php","meta":{"footnotes":""},"class_list":["post-9350","page","type-page","status-publish","hentry","no-post-thumbnail"],"yoast_head":"<!-- This site is optimized with the Yoast SEO plugin v26.5 - https:\/\/yoast.com\/wordpress\/plugins\/seo\/ -->\n<title>Jobcenter.digital - Jobcenter Kiel<\/title>\n<meta name=\"description\" content=\"Das Jobcenter Kiel ist eine gemeinsame Einrichtung der Landeshauptstadt Kiel und der Agentur f\u00fcr Arbeit Kiel. Wir sind eine eigenst\u00e4ndige K\u00f6rperschaft des \u00f6ffentlichen Rechts sui generis.\" \/>\n<meta name=\"robots\" content=\"index, follow, max-snippet:-1, max-image-preview:large, max-video-preview:-1\" \/>\n<link rel=\"canonical\" href=\"https:\/\/www.jobcenter-kiel.de\/ar\/jobcenter-digital-2\/\" \/>\n<meta property=\"og:locale\" content=\"ar_AR\" \/>\n<meta property=\"og:type\" content=\"article\" \/>\n<meta property=\"og:title\" content=\"Jobcenter.digital - Jobcenter Kiel\" \/>\n<meta property=\"og:description\" content=\"Das Jobcenter Kiel ist eine gemeinsame Einrichtung der Landeshauptstadt Kiel und der Agentur f\u00fcr Arbeit Kiel. Wir sind eine eigenst\u00e4ndige K\u00f6rperschaft des \u00f6ffentlichen Rechts sui generis.\" \/>\n<meta property=\"og:url\" content=\"https:\/\/www.jobcenter-kiel.de\/ar\/jobcenter-digital-2\/\" \/>\n<meta property=\"og:site_name\" content=\"Jobcenter Kiel\" \/>\n<meta property=\"article:modified_time\" content=\"2024-09-13T08:39:39+00:00\" \/>\n<meta name=\"twitter:card\" content=\"summary_large_image\" \/>\n<meta name=\"twitter:label1\" content=\"\u0648\u0642\u062a \u0627\u0644\u0642\u0631\u0627\u0621\u0629 \u0627\u0644\u0645\u064f\u0642\u062f\u0651\u0631\" \/>\n\t<meta name=\"twitter:data1\" content=\"3 \u062f\u0642\u0627\u0626\u0642\" \/>\n<script type=\"application\/ld+json\" class=\"yoast-schema-graph\">{\"@context\":\"https:\/\/schema.org\",\"@graph\":[{\"@type\":\"WebPage\",\"@id\":\"https:\/\/www.jobcenter-kiel.de\/ar\/jobcenter-digital-2\/\",\"url\":\"https:\/\/www.jobcenter-kiel.de\/ar\/jobcenter-digital-2\/\",\"name\":\"Jobcenter.digital - Jobcenter Kiel\",\"isPartOf\":{\"@id\":\"https:\/\/www.jobcenter-kiel.de\/ar\/#website\"},\"datePublished\":\"2024-07-31T09:00:54+00:00\",\"dateModified\":\"2024-09-13T08:39:39+00:00\",\"description\":\"Das Jobcenter Kiel ist eine gemeinsame Einrichtung der Landeshauptstadt Kiel und der Agentur f\u00fcr Arbeit Kiel. Wir sind eine eigenst\u00e4ndige K\u00f6rperschaft des \u00f6ffentlichen Rechts sui generis.\",\"breadcrumb\":{\"@id\":\"https:\/\/www.jobcenter-kiel.de\/ar\/jobcenter-digital-2\/#breadcrumb\"},\"inLanguage\":\"ar\",\"potentialAction\":[{\"@type\":\"ReadAction\",\"target\":[\"https:\/\/www.jobcenter-kiel.de\/ar\/jobcenter-digital-2\/\"]}]},{\"@type\":\"BreadcrumbList\",\"@id\":\"https:\/\/www.jobcenter-kiel.de\/ar\/jobcenter-digital-2\/#breadcrumb\",\"itemListElement\":[{\"@type\":\"ListItem\",\"position\":1,\"name\":\"Startseite\",\"item\":\"https:\/\/www.jobcenter-kiel.de\/ar\/\"},{\"@type\":\"ListItem\",\"position\":2,\"name\":\"Jobcenter.digital\"}]},{\"@type\":\"WebSite\",\"@id\":\"https:\/\/www.jobcenter-kiel.de\/ar\/#website\",\"url\":\"https:\/\/www.jobcenter-kiel.de\/ar\/\",\"name\":\"Jobcenter Kiel\",\"description\":\"Beraten - qualifizieren - integrieren\",\"publisher\":{\"@id\":\"https:\/\/www.jobcenter-kiel.de\/ar\/#organization\"},\"potentialAction\":[{\"@type\":\"SearchAction\",\"target\":{\"@type\":\"EntryPoint\",\"urlTemplate\":\"https:\/\/www.jobcenter-kiel.de\/ar\/?s={search_term_string}\"},\"query-input\":{\"@type\":\"PropertyValueSpecification\",\"valueRequired\":true,\"valueName\":\"search_term_string\"}}],\"inLanguage\":\"ar\"},{\"@type\":\"Organization\",\"@id\":\"https:\/\/www.jobcenter-kiel.de\/ar\/#organization\",\"name\":\"Jobcenter Kiel\",\"url\":\"https:\/\/www.jobcenter-kiel.de\/ar\/\",\"logo\":{\"@type\":\"ImageObject\",\"inLanguage\":\"ar\",\"@id\":\"https:\/\/www.jobcenter-kiel.de\/ar\/#\/schema\/logo\/image\/\",\"url\":\"https:\/\/www.jobcenter-kiel.de\/wp-content\/uploads\/2018\/04\/job-center-kiel-logo-2.png\",\"contentUrl\":\"https:\/\/www.jobcenter-kiel.de\/wp-content\/uploads\/2018\/04\/job-center-kiel-logo-2.png\",\"width\":484,\"height\":104,\"caption\":\"Jobcenter Kiel\"},\"image\":{\"@id\":\"https:\/\/www.jobcenter-kiel.de\/ar\/#\/schema\/logo\/image\/\"}}]}<\/script>\n<!-- \/ Yoast SEO plugin. -->","yoast_head_json":{"title":"Jobcenter.digital - Jobcenter Kiel","description":"Das Jobcenter Kiel ist eine gemeinsame Einrichtung der Landeshauptstadt Kiel und der Agentur f\u00fcr Arbeit Kiel. Wir sind eine eigenst\u00e4ndige K\u00f6rperschaft des \u00f6ffentlichen Rechts sui generis.","robots":{"index":"index","follow":"follow","max-snippet":"max-snippet:-1","max-image-preview":"max-image-preview:large","max-video-preview":"max-video-preview:-1"},"canonical":"https:\/\/www.jobcenter-kiel.de\/ar\/jobcenter-digital-2\/","og_locale":"ar_AR","og_type":"article","og_title":"Jobcenter.digital - Jobcenter Kiel","og_description":"Das Jobcenter Kiel ist eine gemeinsame Einrichtung der Landeshauptstadt Kiel und der Agentur f\u00fcr Arbeit Kiel. Wir sind eine eigenst\u00e4ndige K\u00f6rperschaft des \u00f6ffentlichen Rechts sui generis.","og_url":"https:\/\/www.jobcenter-kiel.de\/ar\/jobcenter-digital-2\/","og_site_name":"Jobcenter Kiel","article_modified_time":"2024-09-13T08:39:39+00:00","twitter_card":"summary_large_image","twitter_misc":{"\u0648\u0642\u062a \u0627\u0644\u0642\u0631\u0627\u0621\u0629 \u0627\u0644\u0645\u064f\u0642\u062f\u0651\u0631":"3 \u062f\u0642\u0627\u0626\u0642"},"schema":{"@context":"https:\/\/schema.org","@graph":[{"@type":"WebPage","@id":"https:\/\/www.jobcenter-kiel.de\/ar\/jobcenter-digital-2\/","url":"https:\/\/www.jobcenter-kiel.de\/ar\/jobcenter-digital-2\/","name":"Jobcenter.digital - Jobcenter Kiel","isPartOf":{"@id":"https:\/\/www.jobcenter-kiel.de\/ar\/#website"},"datePublished":"2024-07-31T09:00:54+00:00","dateModified":"2024-09-13T08:39:39+00:00","description":"Das Jobcenter Kiel ist eine gemeinsame Einrichtung der Landeshauptstadt Kiel und der Agentur f\u00fcr Arbeit Kiel. Wir sind eine eigenst\u00e4ndige K\u00f6rperschaft des \u00f6ffentlichen Rechts sui generis.","breadcrumb":{"@id":"https:\/\/www.jobcenter-kiel.de\/ar\/jobcenter-digital-2\/#breadcrumb"},"inLanguage":"ar","potentialAction":[{"@type":"ReadAction","target":["https:\/\/www.jobcenter-kiel.de\/ar\/jobcenter-digital-2\/"]}]},{"@type":"BreadcrumbList","@id":"https:\/\/www.jobcenter-kiel.de\/ar\/jobcenter-digital-2\/#breadcrumb","itemListElement":[{"@type":"ListItem","position":1,"name":"Startseite","item":"https:\/\/www.jobcenter-kiel.de\/ar\/"},{"@type":"ListItem","position":2,"name":"Jobcenter.digital"}]},{"@type":"WebSite","@id":"https:\/\/www.jobcenter-kiel.de\/ar\/#website","url":"https:\/\/www.jobcenter-kiel.de\/ar\/","name":"Jobcenter Kiel","description":"Beraten - qualifizieren - integrieren","publisher":{"@id":"https:\/\/www.jobcenter-kiel.de\/ar\/#organization"},"potentialAction":[{"@type":"SearchAction","target":{"@type":"EntryPoint","urlTemplate":"https:\/\/www.jobcenter-kiel.de\/ar\/?s={search_term_string}"},"query-input":{"@type":"PropertyValueSpecification","valueRequired":true,"valueName":"search_term_string"}}],"inLanguage":"ar"},{"@type":"Organization","@id":"https:\/\/www.jobcenter-kiel.de\/ar\/#organization","name":"Jobcenter Kiel","url":"https:\/\/www.jobcenter-kiel.de\/ar\/","logo":{"@type":"ImageObject","inLanguage":"ar","@id":"https:\/\/www.jobcenter-kiel.de\/ar\/#\/schema\/logo\/image\/","url":"https:\/\/www.jobcenter-kiel.de\/wp-content\/uploads\/2018\/04\/job-center-kiel-logo-2.png","contentUrl":"https:\/\/www.jobcenter-kiel.de\/wp-content\/uploads\/2018\/04\/job-center-kiel-logo-2.png","width":484,"height":104,"caption":"Jobcenter Kiel"},"image":{"@id":"https:\/\/www.jobcenter-kiel.de\/ar\/#\/schema\/logo\/image\/"}}]}},"publishpress_future_action":{"enabled":false,"date":"2026-05-07 09:27:41","action":"change-status","newStatus":"draft","terms":[],"taxonomy":"translation_priority","extraData":[]},"publishpress_future_workflow_manual_trigger":{"enabledWorkflows":[]},"_links":{"self":[{"href":"https:\/\/www.jobcenter-kiel.de\/ar\/wp-json\/wp\/v2\/pages\/9350","targetHints":{"allow":["GET"]}}],"collection":[{"href":"https:\/\/www.jobcenter-kiel.de\/ar\/wp-json\/wp\/v2\/pages"}],"about":[{"href":"https:\/\/www.jobcenter-kiel.de\/ar\/wp-json\/wp\/v2\/types\/page"}],"author":[{"embeddable":true,"href":"https:\/\/www.jobcenter-kiel.de\/ar\/wp-json\/wp\/v2\/users\/1"}],"replies":[{"embeddable":true,"href":"https:\/\/www.jobcenter-kiel.de\/ar\/wp-json\/wp\/v2\/comments?post=9350"}],"version-history":[{"count":4,"href":"https:\/\/www.jobcenter-kiel.de\/ar\/wp-json\/wp\/v2\/pages\/9350\/revisions"}],"predecessor-version":[{"id":9567,"href":"https:\/\/www.jobcenter-kiel.de\/ar\/wp-json\/wp\/v2\/pages\/9350\/revisions\/9567"}],"wp:attachment":[{"href":"https:\/\/www.jobcenter-kiel.de\/ar\/wp-json\/wp\/v2\/media?parent=9350"}],"curies":[{"name":"wp","href":"https:\/\/api.w.org\/{rel}","templated":true}]}}

<p>jobcenter.digital&nbsp; Ihr Portal für Bürgergeld, Anträge und Nachrichten &#8211; online, einfach, schnell und sicherNutzen Sie die Möglichkeiten: Neuantrag auf BürgergeldRegistrierung &amp; AnmeldungEinstellungen, Sicherheit &amp; DatenschutzDer Weiterbewilligungsantrag (WBA)Die Veränderungsmitteilung (VÄM)Der Postfachservice und Antrag auf OrtsabwesenheitBewerbungs- und Reisekosten (Vermittlungsbudget)Ihre JobsucheAlle eServices von Jobcenter und Agentur f&uuml;r Arbeit&nbsp;jobcenter.digital &amp; Bund IDdigitale Verwaltungsdienstleistungen in Kiel &amp; Schleswig-HolsteinWeitere digitale Angebote des Jobcenters und der Agentur &#8230; </p>
<div><a href="https://www.jobcenter-kiel.de/ar/jobcenter-digital-2/" class="more-link">Read More</a></div>

<!-- This site is optimized with the Yoast SEO plugin v26.5 - https://yoast.com/wordpress/plugins/seo/ -->
<title>Jobcenter.digital - Jobcenter Kiel</title>
<meta name="description" content="Das Jobcenter Kiel ist eine gemeinsame Einrichtung der Landeshauptstadt Kiel und der Agentur für Arbeit Kiel. Wir sind eine eigenständige Körperschaft des öffentlichen Rechts sui generis." />
<meta name="robots" content="index, follow, max-snippet:-1, max-image-preview:large, max-video-preview:-1" />
<link rel="canonical" href="https://www.jobcenter-kiel.de/ar/jobcenter-digital-2/" />
<meta property="og:locale" content="ar_AR" />
<meta property="og:type" content="article" />
<meta property="og:title" content="Jobcenter.digital - Jobcenter Kiel" />
<meta property="og:description" content="Das Jobcenter Kiel ist eine gemeinsame Einrichtung der Landeshauptstadt Kiel und der Agentur für Arbeit Kiel. Wir sind eine eigenständige Körperschaft des öffentlichen Rechts sui generis." />
<meta property="og:url" content="https://www.jobcenter-kiel.de/ar/jobcenter-digital-2/" />
<meta property="og:site_name" content="Jobcenter Kiel" />
<meta property="article:modified_time" content="2024-09-13T08:39:39+00:00" />
<meta name="twitter:card" content="summary_large_image" />
<meta name="twitter:label1" content="وقت القراءة المُقدّر" />
	<meta name="twitter:data1" content="3 دقائق" />
<script type="application/ld+json" class="yoast-schema-graph">{"@context":"https://schema.org","@graph":[{"@type":"WebPage","@id":"https://www.jobcenter-kiel.de/ar/jobcenter-digital-2/","url":"https://www.jobcenter-kiel.de/ar/jobcenter-digital-2/","name":"Jobcenter.digital - Jobcenter Kiel","isPartOf":{"@id":"https://www.jobcenter-kiel.de/ar/#website"},"datePublished":"2024-07-31T09:00:54+00:00","dateModified":"2024-09-13T08:39:39+00:00","description":"Das Jobcenter Kiel ist eine gemeinsame Einrichtung der Landeshauptstadt Kiel und der Agentur für Arbeit Kiel. Wir sind eine eigenständige Körperschaft des öffentlichen Rechts sui generis.","breadcrumb":{"@id":"https://www.jobcenter-kiel.de/ar/jobcenter-digital-2/#breadcrumb"},"inLanguage":"ar","potentialAction":[{"@type":"ReadAction","target":["https://www.jobcenter-kiel.de/ar/jobcenter-digital-2/"]}]},{"@type":"BreadcrumbList","@id":"https://www.jobcenter-kiel.de/ar/jobcenter-digital-2/#breadcrumb","itemListElement":[{"@type":"ListItem","position":1,"name":"Startseite","item":"https://www.jobcenter-kiel.de/ar/"},{"@type":"ListItem","position":2,"name":"Jobcenter.digital"}]},{"@type":"WebSite","@id":"https://www.jobcenter-kiel.de/ar/#website","url":"https://www.jobcenter-kiel.de/ar/","name":"Jobcenter Kiel","description":"Beraten - qualifizieren - integrieren","publisher":{"@id":"https://www.jobcenter-kiel.de/ar/#organization"},"potentialAction":[{"@type":"SearchAction","target":{"@type":"EntryPoint","urlTemplate":"https://www.jobcenter-kiel.de/ar/?s={search_term_string}"},"query-input":{"@type":"PropertyValueSpecification","valueRequired":true,"valueName":"search_term_string"}}],"inLanguage":"ar"},{"@type":"Organization","@id":"https://www.jobcenter-kiel.de/ar/#organization","name":"Jobcenter Kiel","url":"https://www.jobcenter-kiel.de/ar/","logo":{"@type":"ImageObject","inLanguage":"ar","@id":"https://www.jobcenter-kiel.de/ar/#/schema/logo/image/","url":"https://www.jobcenter-kiel.de/wp-content/uploads/2018/04/job-center-kiel-logo-2.png","contentUrl":"https://www.jobcenter-kiel.de/wp-content/uploads/2018/04/job-center-kiel-logo-2.png","width":484,"height":104,"caption":"Jobcenter Kiel"},"image":{"@id":"https://www.jobcenter-kiel.de/ar/#/schema/logo/image/"}}]}</script>
<!-- / Yoast SEO plugin. -->

Das Jobcenter Kiel ist eine gemeinsame Einrichtung der Landeshauptstadt Kiel und der Agentur für Arbeit Kiel. Wir sind eine eigenständige Körperschaft des öffentlichen Rechts sui generis.

3 دقائق
